{"id":73,"date":"2024-03-12T14:11:39","date_gmt":"2024-03-12T14:11:39","guid":{"rendered":"https:\/\/tiimilinna.fi\/?page_id=73"},"modified":"2025-09-30T13:17:05","modified_gmt":"2025-09-30T13:17:05","slug":"ladysaga","status":"publish","type":"page","link":"https:\/\/tiimilinna.fi\/?page_id=73","title":{"rendered":"LadySaga"},"content":{"rendered":"<p>[et_pb_section fb_built=&#8221;1&#8243; _builder_version=&#8221;4.24.1&#8243; _module_preset=&#8221;default&#8221; background_image=&#8221;https:\/\/tiimilinna.fi\/wp-content\/uploads\/2024\/02\/401840886_10231256388941127_6910458041507944999_n.jpg&#8221; height=&#8221;600px&#8221; custom_margin=&#8221;0px||-12px||false|false&#8221; custom_padding=&#8221;0px||0px||false|false&#8221; global_colors_info=&#8221;{}&#8221;][et_pb_row _builder_version=&#8221;4.24.1&#8243; _module_preset=&#8221;default&#8221; transform_scale_tablet=&#8221;&#8221; transform_scale_phone=&#8221;&#8221; transform_scale_last_edited=&#8221;on|phone&#8221; transform_translate_tablet=&#8221;&#8221; transform_translate_phone=&#8221;&#8221; transform_translate_last_edited=&#8221;on|desktop&#8221; transform_rotate_tablet=&#8221;&#8221; transform_rotate_phone=&#8221;&#8221; transform_rotate_last_edited=&#8221;on|desktop&#8221; transform_skew_tablet=&#8221;&#8221; transform_skew_phone=&#8221;&#8221; transform_skew_last_edited=&#8221;on|desktop&#8221; transform_origin_tablet=&#8221;&#8221; transform_origin_phone=&#8221;&#8221; transform_origin_last_edited=&#8221;on|desktop&#8221; transform_styles_last_edited=&#8221;on|phone&#8221; custom_margin=&#8221;-22px||||false|false&#8221; custom_padding=&#8221;108px||0px||false|false&#8221; transform_styles_tablet=&#8221;&#8221; transform_styles_phone=&#8221;&#8221; global_colors_info=&#8221;{}&#8221;][et_pb_column type=&#8221;4_4&#8243; _builder_version=&#8221;4.24.0&#8243; _module_preset=&#8221;default&#8221; global_colors_info=&#8221;{}&#8221;][et_pb_text _builder_version=&#8221;4.24.1&#8243; _module_preset=&#8221;default&#8221; header_font=&#8221;|||on|||||&#8221; header_text_color=&#8221;#FFFFFF&#8221; header_font_size=&#8221;100px&#8221; header_text_color_tablet=&#8221;#FFFFFF&#8221; header_text_color_phone=&#8221;#E09900&#8243; header_text_color_last_edited=&#8221;on|phone&#8221; header_font_size_tablet=&#8221;100px&#8221; header_font_size_phone=&#8221;36px&#8221; header_font_size_last_edited=&#8221;on|phone&#8221; header_text_shadow_style=&#8221;preset1&#8243; border_style_all=&#8221;none&#8221; border_width_top=&#8221;5px&#8221; border_width_bottom=&#8221;5px&#8221; global_colors_info=&#8221;{}&#8221; header_text_color__hover_enabled=&#8221;on|desktop&#8221; header_text_color__hover=&#8221;#E09900&#8243;]<\/p>\n<h1 style=\"text-align: center;\">politiikan tutkijalta<\/h1>\n<p>[\/et_pb_text][\/et_pb_column][\/et_pb_row][\/et_pb_section][et_pb_section fb_built=&#8221;1&#8243; _builder_version=&#8221;4.24.0&#8243; _module_preset=&#8221;default&#8221; global_colors_info=&#8221;{}&#8221;][et_pb_row column_structure=&#8221;1_2,1_2&#8243; _builder_version=&#8221;4.24.0&#8243; _module_preset=&#8221;default&#8221; global_colors_info=&#8221;{}&#8221;][et_pb_column type=&#8221;1_2&#8243; _builder_version=&#8221;4.24.0&#8243; _module_preset=&#8221;default&#8221; global_colors_info=&#8221;{}&#8221;][et_pb_text _builder_version=&#8221;4.27.4&#8243; _module_preset=&#8221;default&#8221; custom_padding=&#8221;||8px|||&#8221; link_option_url=&#8221;https:\/\/www.hs.fi\/mielipide\/art-2000011521203.html&#8221; link_option_url_new_window=&#8221;on&#8221; hover_enabled=&#8221;0&#8243; global_colors_info=&#8221;{}&#8221; sticky_enabled=&#8221;0&#8243;]<\/p>\n<p><span style=\"font-weight: 400;\">Politiikantutkijaopiskelijan sivulla pureudutaan syvemm\u00e4lle Suomen poliittiseen maisemaan ja eurooppalaiseen n\u00e4k\u00f6kulmaan. Olen innokas tutkimaan ja avaamaan aiheita, jotka vaikuttavat suomalaisten el\u00e4m\u00e4\u00e4n p\u00e4\u00e4t\u00f6ksenteon tasolla. Yhdess\u00e4 tutkimme Suomen EU-politiikan kiemuroita, analysoimme presidentinvaalien merkityst\u00e4 sek\u00e4 syvennymme suomalaisten puolueiden puolueohjelmiin \u2013 l\u00f6yt\u00e4en niist\u00e4 ne punaiset langat, jotka muovaavat tulevaisuuttamme. <\/span><\/p>\n<p><span style=\"font-weight: 400;\">Tule mukaan matkalle, jossa lukeminen ja tutkiminen sytytt\u00e4v\u00e4t intohimosi ymm\u00e4rt\u00e4\u00e4 maailmaa yh\u00e4 paremmin.<\/span><\/p>\n<p><span style=\"font-weight: 400;\">Mielipidekirjoitus Helsingin Sanomat 29.9.2025<br \/><a href=\"https:\/\/www.hs.fi\/mielipide\/art-2000011521203.html\">Rauha ei saa olla yhden valtion asia \/ Saga Ovaska<\/a><\/span><\/p>\n<p><span style=\"font-weight: 400;\"><\/span><\/p>\n<p>[\/et_pb_text][\/et_pb_column][et_pb_column type=&#8221;1_2&#8243; _builder_version=&#8221;4.24.0&#8243; _module_preset=&#8221;default&#8221; global_colors_info=&#8221;{}&#8221;][et_pb_image src=&#8221;https:\/\/tiimilinna.fi\/wp-content\/uploads\/2024\/02\/IMG_8198-scaled.jpg&#8221; title_text=&#8221;IMG_8198&#8243; _builder_version=&#8221;4.24.1&#8243; _module_preset=&#8221;default&#8221; global_colors_info=&#8221;{}&#8221;][\/et_pb_image][\/et_pb_column][\/et_pb_row][et_pb_row column_structure=&#8221;1_4,1_4,1_4,1_4&#8243; _builder_version=&#8221;4.24.1&#8243; _module_preset=&#8221;default&#8221; global_colors_info=&#8221;{}&#8221;][et_pb_column type=&#8221;1_4&#8243; _builder_version=&#8221;4.24.0&#8243; _module_preset=&#8221;default&#8221; global_colors_info=&#8221;{}&#8221;][et_pb_blurb title=&#8221;Tutkielmat&#8221; image=&#8221;https:\/\/tiimilinna.fi\/wp-content\/uploads\/2024\/03\/bryssel1.png&#8221; _builder_version=&#8221;4.24.1&#8243; _module_preset=&#8221;default&#8221; global_colors_info=&#8221;{}&#8221;]<\/p>\n<p>Puolueohjelmasta<\/p>\n<p>Presidentinvaaleista<\/p>\n<p>&nbsp;<\/p>\n<p>&nbsp;<\/p>\n<p>[\/et_pb_blurb][\/et_pb_column][et_pb_column type=&#8221;1_4&#8243; _builder_version=&#8221;4.24.0&#8243; _module_preset=&#8221;default&#8221; global_colors_info=&#8221;{}&#8221;][et_pb_blurb title=&#8221;Presidentin vaalit 2024&#8243; image=&#8221;https:\/\/tiimilinna.fi\/wp-content\/uploads\/2024\/02\/ab530542-f892-422c-8446-5e7b7606aad6.jpg&#8221; _builder_version=&#8221;4.24.1&#8243; _module_preset=&#8221;default&#8221; global_colors_info=&#8221;{}&#8221;]<\/p>\n<p><a href=\"https:\/\/valtioneuvosto.fi\/-\/\/1410853\/presidentinvaalin-vahvistettu-tulos-nyt-verkossa\" target=\"_blank\" rel=\"noopener\">Vahvistettu tulos Valtioneuvosto.fi<\/a><\/p>\n<p>\u00a0Linkkej\u00e4<\/p>\n<p>&nbsp;<\/p>\n<p>[\/et_pb_blurb][\/et_pb_column][et_pb_column type=&#8221;1_4&#8243; _builder_version=&#8221;4.24.0&#8243; _module_preset=&#8221;default&#8221; global_colors_info=&#8221;{}&#8221;][et_pb_blurb title=&#8221;Eurovaalit ja eu-politiikkaa&#8221; image=&#8221;https:\/\/tiimilinna.fi\/wp-content\/uploads\/2024\/03\/bryssel-eu.png&#8221; _builder_version=&#8221;4.24.1&#8243; _module_preset=&#8221;default&#8221; custom_padding=&#8221;||18px|||&#8221; global_colors_info=&#8221;{}&#8221;]<\/p>\n<p><a href=\"https:\/\/elections.europa.eu\/fi\/\" target=\"_blank\" rel=\"noopener\">Eu-vaalit 9.6.2024<\/a><\/p>\n<p><a href=\"https:\/\/www.europarl.europa.eu\/portal\/fi\" target=\"_blank\" rel=\"noopener\">Euroopan parlamentti<\/a><\/p>\n<p>&nbsp;<\/p>\n<p>[\/et_pb_blurb][\/et_pb_column][et_pb_column type=&#8221;1_4&#8243; _builder_version=&#8221;4.24.0&#8243; _module_preset=&#8221;default&#8221; global_colors_info=&#8221;{}&#8221;][et_pb_blurb title=&#8221;Tampereen Yliopisto&#8221; image=&#8221;https:\/\/tiimilinna.fi\/wp-content\/uploads\/2024\/03\/DALL\u00b7E-2024-03-14-10.44.36-Create-an-image-of-the-University-of-Tampere-featuring-a-political-science-student-a-young-woman-with-light-blonde-hair.-The-scene-should-be-set-on-.jpeg&#8221; _builder_version=&#8221;4.24.1&#8243; _module_preset=&#8221;default&#8221; global_colors_info=&#8221;{}&#8221;]<\/p>\n<p><a href=\"https:\/\/www.tuni.fi\/fi\/tule-opiskelemaan\/politiikan-tutkimuksen-koulutus\" target=\"_blank\" rel=\"noopener\">Politiikan tutkimuksen tutkinto-ohjelma<\/a><\/p>\n<p><a href=\"https:\/\/iltakoulu.org\/\" target=\"_blank\" rel=\"noopener\">Iltakoulu (Ainej\u00e4rjest\u00f6)<\/a><\/p>\n<p>[\/et_pb_blurb][\/et_pb_column][\/et_pb_row][\/et_pb_section]<\/p>\n","protected":false},"excerpt":{"rendered":"<p>politiikan tutkijaltaPolitiikantutkijaopiskelijan sivulla pureudutaan syvemm\u00e4lle Suomen poliittiseen maisemaan ja eurooppalaiseen n\u00e4k\u00f6kulmaan. Olen innokas tutkimaan ja avaamaan aiheita, jotka vaikuttavat suomalaisten el\u00e4m\u00e4\u00e4n p\u00e4\u00e4t\u00f6ksenteon tasolla. Yhdess\u00e4 tutkimme Suomen EU-politiikan kiemuroita, analysoimme presidentinvaalien merkityst\u00e4 sek\u00e4 syvennymme suomalaisten puolueiden puolueohjelmiin \u2013 l\u00f6yt\u00e4en niist\u00e4 ne punaiset langat, jotka muovaavat tulevaisuuttamme. Tule mukaan matkalle, jossa lukeminen ja tutkiminen sytytt\u00e4v\u00e4t intohimosi ymm\u00e4rt\u00e4\u00e4 [&hellip;]<\/p>\n","protected":false},"author":1,"featured_media":0,"parent":0,"menu_order":0,"comment_status":"closed","ping_status":"closed","template":"","meta":{"_et_pb_use_builder":"on","_et_pb_old_content":"","_et_gb_content_width":"","footnotes":""},"class_list":["post-73","page","type-page","status-publish","hentry"],"_links":{"self":[{"href":"https:\/\/tiimilinna.fi\/index.php?rest_route=\/wp\/v2\/pages\/73","targetHints":{"allow":["GET"]}}],"collection":[{"href":"https:\/\/tiimilinna.fi\/index.php?rest_route=\/wp\/v2\/pages"}],"about":[{"href":"https:\/\/tiimilinna.fi\/index.php?rest_route=\/wp\/v2\/types\/page"}],"author":[{"embeddable":true,"href":"https:\/\/tiimilinna.fi\/index.php?rest_route=\/wp\/v2\/users\/1"}],"replies":[{"embeddable":true,"href":"https:\/\/tiimilinna.fi\/index.php?rest_route=%2Fwp%2Fv2%2Fcomments&post=73"}],"version-history":[{"count":20,"href":"https:\/\/tiimilinna.fi\/index.php?rest_route=\/wp\/v2\/pages\/73\/revisions"}],"predecessor-version":[{"id":390,"href":"https:\/\/tiimilinna.fi\/index.php?rest_route=\/wp\/v2\/pages\/73\/revisions\/390"}],"wp:attachment":[{"href":"https:\/\/tiimilinna.fi\/index.php?rest_route=%2Fwp%2Fv2%2Fmedia&parent=73"}],"curies":[{"name":"wp","href":"https:\/\/api.w.org\/{rel}","templated":true}]}}

<p>[et_pb_section fb_built=&#8221;1&#8243; _builder_version=&#8221;4.24.1&#8243; _module_preset=&#8221;default&#8221; background_image=&#8221;https://tiimilinna.fi/wp-content/uploads/2024/02/401840886_10231256388941127_6910458041507944999_n.jpg&#8221; height=&#8221;600px&#8221; custom_margin=&#8221;0px||-12px||false|false&#8221; custom_padding=&#8221;0px||0px||false|false&#8221; global_colors_info=&#8221;{}&#8221;][et_pb_row _builder_version=&#8221;4.24.1&#8243; _module_preset=&#8221;default&#8221; transform_scale_tablet=&#8221;&#8221; transform_scale_phone=&#8221;&#8221; transform_scale_last_edited=&#8221;on|phone&#8221; transform_translate_tablet=&#8221;&#8221; transform_translate_phone=&#8221;&#8221; transform_translate_last_edited=&#8221;on|desktop&#8221; transform_rotate_tablet=&#8221;&#8221; transform_rotate_phone=&#8221;&#8221; transform_rotate_last_edited=&#8221;on|desktop&#8221; transform_skew_tablet=&#8221;&#8221; transform_skew_phone=&#8221;&#8221; transform_skew_last_edited=&#8221;on|desktop&#8221; transform_origin_tablet=&#8221;&#8221; transform_origin_phone=&#8221;&#8221; transform_origin_last_edited=&#8221;on|desktop&#8221; transform_styles_last_edited=&#8221;on|phone&#8221; custom_margin=&#8221;-22px||||false|false&#8221; custom_padding=&#8221;108px||0px||false|false&#8221; transform_styles_tablet=&#8221;&#8221; transform_styles_phone=&#8221;&#8221; global_colors_info=&#8221;{}&#8221;][et_pb_column type=&#8221;4_4&#8243; _builder_version=&#8221;4.24.0&#8243; _module_preset=&#8221;default&#8221; global_colors_info=&#8221;{}&#8221;][et_pb_text _builder_version=&#8221;4.24.1&#8243; _module_preset=&#8221;default&#8221; header_font=&#8221;|||on|||||&#8221; header_text_color=&#8221;#FFFFFF&#8221; header_font_size=&#8221;100px&#8221; header_text_color_tablet=&#8221;#FFFFFF&#8221; header_text_color_phone=&#8221;#E09900&#8243; header_text_color_last_edited=&#8221;on|phone&#8221; header_font_size_tablet=&#8221;100px&#8221; header_font_size_phone=&#8221;36px&#8221; header_font_size_last_edited=&#8221;on|phone&#8221; header_text_shadow_style=&#8221;preset1&#8243; border_style_all=&#8221;none&#8221; border_width_top=&#8221;5px&#8221; border_width_bottom=&#8221;5px&#8221; global_colors_info=&#8221;{}&#8221; header_text_color__hover_enabled=&#8221;on|desktop&#8221; header_text_color__hover=&#8221;#E09900&#8243;]</p>
<h1 style="text-align: center;">politiikan tutkijalta</h1>
<p>[/et_pb_text][/et_pb_column][/et_pb_row][/et_pb_section][et_pb_section fb_built=&#8221;1&#8243; _builder_version=&#8221;4.24.0&#8243; _module_preset=&#8221;default&#8221; global_colors_info=&#8221;{}&#8221;][et_pb_row column_structure=&#8221;1_2,1_2&#8243; _builder_version=&#8221;4.24.0&#8243; _module_preset=&#8221;default&#8221; global_colors_info=&#8221;{}&#8221;][et_pb_column type=&#8221;1_2&#8243; _builder_version=&#8221;4.24.0&#8243; _module_preset=&#8221;default&#8221; global_colors_info=&#8221;{}&#8221;][et_pb_text _builder_version=&#8221;4.27.4&#8243; _module_preset=&#8221;default&#8221; custom_padding=&#8221;||8px|||&#8221; link_option_url=&#8221;https://www.hs.fi/mielipide/art-2000011521203.html&#8221; link_option_url_new_window=&#8221;on&#8221; hover_enabled=&#8221;0&#8243; global_colors_info=&#8221;{}&#8221; sticky_enabled=&#8221;0&#8243;]</p>
<p><span style="font-weight: 400;">Politiikantutkijaopiskelijan sivulla pureudutaan syvemmälle Suomen poliittiseen maisemaan ja eurooppalaiseen näkökulmaan. Olen innokas tutkimaan ja avaamaan aiheita, jotka vaikuttavat suomalaisten elämään päätöksenteon tasolla. Yhdessä tutkimme Suomen EU-politiikan kiemuroita, analysoimme presidentinvaalien merkitystä sekä syvennymme suomalaisten puolueiden puolueohjelmiin – löytäen niistä ne punaiset langat, jotka muovaavat tulevaisuuttamme. </span></p>
<p><span style="font-weight: 400;">Tule mukaan matkalle, jossa lukeminen ja tutkiminen sytyttävät intohimosi ymmärtää maailmaa yhä paremmin.</span></p>
<p><span style="font-weight: 400;">Mielipidekirjoitus Helsingin Sanomat 29.9.2025<br /><a href="https://www.hs.fi/mielipide/art-2000011521203.html">Rauha ei saa olla yhden valtion asia / Saga Ovaska</a></span></p>
<p><span style="font-weight: 400;"></span></p>
<p>[/et_pb_text][/et_pb_column][et_pb_column type=&#8221;1_2&#8243; _builder_version=&#8221;4.24.0&#8243; _module_preset=&#8221;default&#8221; global_colors_info=&#8221;{}&#8221;][et_pb_image src=&#8221;https://tiimilinna.fi/wp-content/uploads/2024/02/IMG_8198-scaled.jpg&#8221; title_text=&#8221;IMG_8198&#8243; _builder_version=&#8221;4.24.1&#8243; _module_preset=&#8221;default&#8221; global_colors_info=&#8221;{}&#8221;][/et_pb_image][/et_pb_column][/et_pb_row][et_pb_row column_structure=&#8221;1_4,1_4,1_4,1_4&#8243; _builder_version=&#8221;4.24.1&#8243; _module_preset=&#8221;default&#8221; global_colors_info=&#8221;{}&#8221;][et_pb_column type=&#8221;1_4&#8243; _builder_version=&#8221;4.24.0&#8243; _module_preset=&#8221;default&#8221; global_colors_info=&#8221;{}&#8221;][et_pb_blurb title=&#8221;Tutkielmat&#8221; image=&#8221;https://tiimilinna.fi/wp-content/uploads/2024/03/bryssel1.png&#8221; _builder_version=&#8221;4.24.1&#8243; _module_preset=&#8221;default&#8221; global_colors_info=&#8221;{}&#8221;]</p>
<p>Puolueohjelmasta</p>
<p>Presidentinvaaleista</p>
<p>&nbsp;</p>
<p>&nbsp;</p>
<p>[/et_pb_blurb][/et_pb_column][et_pb_column type=&#8221;1_4&#8243; _builder_version=&#8221;4.24.0&#8243; _module_preset=&#8221;default&#8221; global_colors_info=&#8221;{}&#8221;][et_pb_blurb title=&#8221;Presidentin vaalit 2024&#8243; image=&#8221;https://tiimilinna.fi/wp-content/uploads/2024/02/ab530542-f892-422c-8446-5e7b7606aad6.jpg&#8221; _builder_version=&#8221;4.24.1&#8243; _module_preset=&#8221;default&#8221; global_colors_info=&#8221;{}&#8221;]</p>
<p><a href="https://valtioneuvosto.fi/-//1410853/presidentinvaalin-vahvistettu-tulos-nyt-verkossa" target="_blank" rel="noopener">Vahvistettu tulos Valtioneuvosto.fi</a></p>
<p> Linkkejä</p>
<p>&nbsp;</p>
<p>[/et_pb_blurb][/et_pb_column][et_pb_column type=&#8221;1_4&#8243; _builder_version=&#8221;4.24.0&#8243; _module_preset=&#8221;default&#8221; global_colors_info=&#8221;{}&#8221;][et_pb_blurb title=&#8221;Eurovaalit ja eu-politiikkaa&#8221; image=&#8221;https://tiimilinna.fi/wp-content/uploads/2024/03/bryssel-eu.png&#8221; _builder_version=&#8221;4.24.1&#8243; _module_preset=&#8221;default&#8221; custom_padding=&#8221;||18px|||&#8221; global_colors_info=&#8221;{}&#8221;]</p>
<p><a href="https://elections.europa.eu/fi/" target="_blank" rel="noopener">Eu-vaalit 9.6.2024</a></p>
<p><a href="https://www.europarl.europa.eu/portal/fi" target="_blank" rel="noopener">Euroopan parlamentti</a></p>
<p>&nbsp;</p>
<p>[/et_pb_blurb][/et_pb_column][et_pb_column type=&#8221;1_4&#8243; _builder_version=&#8221;4.24.0&#8243; _module_preset=&#8221;default&#8221; global_colors_info=&#8221;{}&#8221;][et_pb_blurb title=&#8221;Tampereen Yliopisto&#8221; image=&#8221;https://tiimilinna.fi/wp-content/uploads/2024/03/DALL·E-2024-03-14-10.44.36-Create-an-image-of-the-University-of-Tampere-featuring-a-political-science-student-a-young-woman-with-light-blonde-hair.-The-scene-should-be-set-on-.jpeg&#8221; _builder_version=&#8221;4.24.1&#8243; _module_preset=&#8221;default&#8221; global_colors_info=&#8221;{}&#8221;]</p>
<p><a href="https://www.tuni.fi/fi/tule-opiskelemaan/politiikan-tutkimuksen-koulutus" target="_blank" rel="noopener">Politiikan tutkimuksen tutkinto-ohjelma</a></p>
<p><a href="https://iltakoulu.org/" target="_blank" rel="noopener">Iltakoulu (Ainejärjestö)</a></p>
<p>[/et_pb_blurb][/et_pb_column][/et_pb_row][/et_pb_section]</p>

<p>politiikan tutkijaltaPolitiikantutkijaopiskelijan sivulla pureudutaan syvemmälle Suomen poliittiseen maisemaan ja eurooppalaiseen näkökulmaan. Olen innokas tutkimaan ja avaamaan aiheita, jotka vaikuttavat suomalaisten elämään päätöksenteon tasolla. Yhdessä tutkimme Suomen EU-politiikan kiemuroita, analysoimme presidentinvaalien merkitystä sekä syvennymme suomalaisten puolueiden puolueohjelmiin – löytäen niistä ne punaiset langat, jotka muovaavat tulevaisuuttamme. Tule mukaan matkalle, jossa lukeminen ja tutkiminen sytyttävät intohimosi ymmärtää [&hellip;]</p>
